) = -a**2 + 8*a - 2. Let q be l(7). Suppose 0 = q*c + 5 - 10. Give s(c).
-8
Let z(x) = -x**2 - 5*x + 2. Let u be z(-4). Let c be (-4)/u - (-10)/6. Let m be -1*2 - (c + -2). Let v(a) = -3*a**2 + a. Calculate v(m).
-4
Let z(l) = -11*l + 10 + 8*l + 4*l. Suppose 0 = -7*i + 2*i. Suppose -3*v + 7*v + 20 = i. Give z(v).
5
Let q(s) = 0*s + 4 + s + 2*s. Suppose -3*p = 5 + 4. Determine q(p).
-5
Let q = -9 - -12. Let x(j) = 3*j - 4*j - j - 2 + q*j. Give x(4).
2
Let j(a) be the third derivative of -a**5/60 + a**4/4 - 2*a**3/3 - 36*a**2. Determine j(4).
4
Let m(r) be the second derivative of -r**6/24 + r**5/60 - r**4/24 - r**2/2 - r. Let w(p) be the first derivative of m(p). Let y = -20 + 21. Determine w(y).
-5
Suppose 2*p + 45 = -5*h + 6*p, -3*h = -5*p + 40. Let v(g) = g**2 + 3*g - 1. Calculate v(h).
9
Suppose -2*g = -4 - 10. Let s(t) = t**2 - 8*t + 7. Determine s(g).
0
Let t(x) = -x**3 + 3*x**2 - x - 4. Let f be 2/(-1)*(-1 + -1). Suppose m - f*m = -24. Let p = 11 - m. Calculate t(p).
-7
Suppose -9*g - 1 = 17. Let y(p) = -4*p**2 - 4*p - 3. Give y(g).
-11
Let f(t) = 2*t**3 - t**2 - t - 2. Let j(m) = m - 10. Let u be j(12). Let w be f(u). Let g(i) = i**3 - 9*i**2 + 8*i - 1. Determine g(w).
-1
Let n(u) be the first derivative of u**2/2 - 2*u + 1. Suppose 0 = -h - h + 8. Determine n(h).
2
Let j(a) = -2*a - 6. Let k(x) = 8*x + 46. Let p(i) = 3*i + 15. Let o(d) = 2*k(d) - 7*p(d). Let v(h) = 7*j(h) - 3*o(h). Give v(3).
0
Let x be 6/2 + 3 + 20/(-5). Let b(o) = -o**3 - 4*o**2 + o - 5. Let p(n) = -n**3 - n - 1. Let a(q) = -b(q) + 3*p(q). Give a(x).
-6
Let q(y) = y**3 - 16*y**2 - y + 3 - 2*y + 4 + 22*y**2. Calculate q(-7).
-21
Suppose 1 = 2*y + 5*t, 0*y + t - 2 = -y. Let g(z) = -4 + 1 - 4*z - 3 + y*z. Let p be ((-1)/(-1))/((-1)/4). What is g(p)?
-2
Let r(t) = -2 - 4*t + 1 + 8 - 8. Suppose 0 = -0*i + i - 3*u + 7, 4*i + 12 = 4*u. Give r(i).
3
Let g = 15 - 9. Suppose -2*b + 6 = d, -3*d + 4 = -4*b - 4. Let l(y) = 1 - 6 + 0 + y - b. What is l(g)?
0
Suppose 3*f - 4*f + 11 = -5*i, -5*f = 2*i - 1. Let z(o) be the second derivative of -o**4/12 - 3*o. Determine z(f).
-1
Let k(v) = -47 - 42 + 8*v**2 - v**3 + 86. Determine k(8).
-3
Let y(u) = -6 + 23*u**2 - 24*u**2 + 1 - 6*u. Determine y(-5).
0
Let z(s) = -s - 3. Let b(c) = -c**2 - 5*c + 9. Let t be b(-6). Let o = t - 7. Determine z(o).
1
Let t = -1 + 4. Let w be (1 - t)/(-2) - 3. Let h(m) = m**3 + 2*m**2 - 2. Calculate h(w).
-2
Let y(m) = -3*m - 17. Let q(p) = 2*p + 11. Let t(b) = 8*q(b) + 5*y(b). What is t(-4)?
-1
Let i(b) = 3*b + 4. Suppose 3*o = a + 23, 4*a + 2*o + 14 = -22. Let q(h) = h**3 + 10*h**2 - 11*h - 3. Let r be q(a). Determine i(r).
-5
Suppose 3*b = 4*i - 8 + 24, 0 = -5*b - 4*i - 16. Let g(f) = f**2 + 4. What is g(b)?
4
Let w(s) be the second derivative of s**4/12 + 7*s**3/6 + 3*s**2/2 - 5*s. Suppose 3*z + 4*p + 17 = -0*z, -5*p = 2*z + 16. Determine w(z).
-9
Let k(a) = 6*a**3 - 2*a + 1. Let f be -2*1/9 + (-11)/(-9). Determine k(f).
5
Let u(w) be the first derivative of -w**4/4 + 4*w**3/3 + 7*w**2/2 - 3*w + 16. Give u(5).
7
Let f(w) = -w + 6*w**2 + w - 12 + 11. Determine f(-1).
5
Suppose -4*s = 21 + 7. Let a = -11 - s. Let t be (-1 - 21/(-12))*a. Let g(q) = -q**3 - 2*q**2 + 3*q + 2. What is g(t)?
2
Let k = -22 - -19. Suppose 4*v = 4*h - 4, 5*v - 2*v = 2*h + 1. Let g(n) = 3*n**3 + 4*n**2 + h*n**3 - 6*n**3 + 3 + 2*n. What is g(k)?
6
Suppose -2 = -5*t - 12. Let x(u) be the third derivative of u**5/30 + u**4/8 + u**3/2 + u**2. Calculate x(t).
5
Let o(d) = d - 1. Let n be (-2)/3 - (4 - (-52)/(-6)). Calculate o(n).
3
Let a(h) = h**2 + 4. Let p = 9 + -6. Suppose i = 2*v - 3*v + 3, -p*i + v = 3. Give a(i).
4
Let l(q) = q**3 + 5*q**2 + 4*q + 4. Let c = -5 - -17. Suppose 4*b + 5*w = -8, 0*w - 12 = 3*w. Suppose -b*o = -6*o - c. Give l(o).
4
Let g(u) = -u**3 - 5*u**2 + 4. Let h = -4 - -4. Suppose 2*f + h = -q + 3, f = -1. Suppose -3*d + 10 = -q*d. What is g(d)?
4
Let u(d) = -d**3 - 4*d**2 + 6*d - 1. Let f(p) = p**2 + 7*p - 12. Let w be f(-9). Let g = -10 + w. Let b be (-7 - -5)*(-10)/g. Determine u(b).
-6
Suppose -4*a = 1 - 5. Let w(u) = -a + u - 2*u + 2*u. Let x = 6 + -5. Determine w(x).
0
Let s(h) = 2*h - 3. Let m(o) = -5*o + 10. Let z(k) = -3*m(k) - 8*s(k). Calculate z(-5).
-1
Let a(u) = -17 + u**3 + 6 + 2*u - 4*u**2 + 9. Determine a(2).
-6
Suppose 4*u + u = 0. Suppose -m - y = -2*y - 3, 2*m - 5*y - 18 = u. Let v = -5 + m. Let d(s) = s + 1. Give d(v).
-5
Let c(n) = -13*n - 4. Let j(w) = -7*w - 2. Let k be ((-2)/5)/((-3)/15). Let r = k - -2. Let b(u) = r*c(u) - 7*j(u). Calculate b(-2).
4
Let z(l) = 9*l - 7. Let s(r) = 5*r - 3. Let t(u) = 7*s(u) - 4*z(u). What is t(-7)?
14
Let n(t) = -9*t + 4*t - 3*t**2 + 7*t + t**3 + 1. Determine n(2).
1
Let r(p) be the third derivative of -p**5/60 + p**4/24 + 3*p**2. Let b(k) = 2*k**3 - 5*k**2 + 6*k - 1. Let q(o) = -b(o) + 6*r(o). Give q(1).
-2
Let j(f) = -2*f + 9. Let b(u) = -u + 3. Let r(y) = -7*b(y) + 2*j(y). Give r(3).
6
Let t(h) be the first derivative of -h**3/3 + 7*h**2/2 - 4*h + 8. What is t(5)?
6
Let l(h) = 5*h**3 - 6*h**2 - h - 8. Let p(a) = 2*a**3 - 70*a + 13*a**2 - 13*a**3 + 72*a + 17. Let w(x) = -13*l(x) - 6*p(x). Determine w(-2).
-8
Let q(z) = z. Let s = -33 - -27. Give q(s).
-6
Let x(m) = m**3 + 6*m**2 + 4*m - 5. Let t(z) = -z**3 - 4*z**2 - 4*z - 2. Let n be t(-3). Let i be 3/6*(-9 - n). What is x(i)?
0
Let q be 78/(-18) + (-1)/(-3). Let b be 2/q*(-2 + 2). Let l(p) = p - 1. Let i(n) = -2*n + 3. Let o(w) = 3*i(w) + 7*l(w). Calculate o(b).
2
Let u(d) = -3*d + 7. Let q(z) = -z**2 - 9*z - 5. Let g be q(-6). Suppose 5*k = 3*f + 21 - 5, 2*k - g = -f. Give u(k).
-8
Let b be (1/(-1))/(2/(-30)). Let i(y) = 29 - 15 - 2*y**2 - b - y. Let x = -6 + 4. What is i(x)?
-7
Let q = 8 + -5. Let v(o) = -5 + 4*o + 0*o**3 - o**q + 6 - 4*o**2. Let z be (-1)/((-3)/15*-1). Give v(z).
6
Let z = -23 + 35. Let k(b) = 0 - z*b**3 - 1 - b + 0. What is k(-1)?
12
Suppose 0 = 6*j - 4*j + 2. Let w(y) = y**3 - 2*y**2 + 4*y + 1. Let t(i) = i**2 + i - 1. Let s(x) = j*w(x) + 2*t(x). Calculate s(3).
0
Let p(b) = 1. Let s(d) = d - 2. Let v be s(1). Let o(m) = 2*m - 6. Let q(c) = v*o(c) - 6*p(c). Determine q(2).
-4
Let n(b) = -4*b**2 + 6*b - 2 - 2*b**2 + 5*b**2. Let x(s) = -2*s**2 + 13*s - 5. Let o(h) = -13*n(h) + 6*x(h). Determine o(0).
-4
Let b(p) = -3 + 5*p - 2 + 3. Determine b(2).
8
Let y(q) = q + 1. Let d be 0 + 1/2*2. Let u = d + 1. Suppose 4*b - 2*b = u. Give y(b).
2
Let b(v) be the third derivative of v**4/8 - v**3/3 - 44*v**2. Determine b(-1).
-5
Let b(q) = -q - 7. Let y be -6 + 2/(-4)*-4. Let i be (-2 - 4)/((-6)/y). What is b(i)?
-3
Let q(c) = -c**3 - 3*c**2 - 3*c. Let z(a) = -a - 1. Let n(g) = 2*g + 1. Let s(h) = -2*n(h) - 5*z(h). Let y = -14 + 8. Let f be s(y). Give q(f).
9
Let o(s) = 5*s**2 - 2*s + 1. Suppose h - 2 = 1. Let w be -6*2/(-3) + 0. Suppose -w = -j - h. Give o(j).
4
Let j = -2 - 13. Let w be (4/3)/((-10)/j). Let f(g) = -11*g + 1 + w + 3*g - 4. Give f(-1).
7
Let d(l) = 8*l**2 - 7*l**2 + l**2 + 1 + 0*l**2. Give d(-1).
3
Let y(x) = -x**3 + 2*x**2 + 5*x + 1. Let j = -36 + 26. Let q be (-34)/j - (-3)/5. Give y(q).
-11
Let y(q) = -q**2 + 2 - 3 + 0 + 2 - q. Let f be y(1). Let v(g) = 3*g**2 - 2*g - 1. What is v(f)?
4
Let k(i) be the first derivative of -i**4/4 + 4*i**3/3 - 2*i**2 - i + 10. Calculate k(3).
-4
Suppose 0 = y + p - 4, -4*y + 3*p = -0*p + 19. Let o = 1 + y. Let i(n) = -3*n**2 + n + 5. Let g(f) = -f**2. Let x(b) = 4*g(b) - i(b). What is x(o)?
-5
Let n be (-2)/(-11) + 42/11. Let z(g) = -4*g. Determine z(n).
-16
Let p(x) = -5*x. Suppose -5*l - 28 = -3*s + 7*s, -l + 6 = -5*s. What is p(s)?
10
Let a = 8 - 30. Let q = 23 + a. Let x(l) = -3*l**3 - l + 1. What is x(q)?
-3
Let d(s) = s - 2*s + 4 + 1 - s**2 + 0*s**2. Suppose -4*u = 2*q, -3*u + 1 = 5*q + 8. Let w be (-12)/9*(u + 2). Determine d(w).
-7
Let m(o) = -5*o**2 - o + 12. Let d(l) = 9*l**2 + 2*l - 23. Let j(i) = -4*d(i) - 7*m(i). Determine j(0).
8
Let p(x) = 0 + 1 - x - 4 + 2. Suppose 7*s - 4*s - 12 = 0. Suppose v - 9 - 11 = s*w, 0 = 3*w - 3*v + 15. Determine p(w).
4
Suppose -f - 2*f = 5*x + 14, 3*f - 2 = -x. Let i(b) = -2*b**2 + 2*b + 4*b**2 + 1 - b**f. Suppose -36 = 9*g - 9. Calculate i(g).
4
Let t(b) = -2*b**2 + b + 2. Let z = -6 + 9. Let g be 64/24 - 2/z. Give t(g).
-4
Let c be -2 - (0 - (1 - 1)). Let t = c + 3. Let f(a) = 1 + t - 3*a